{"id":16846,"date":"2025-10-20T07:16:49","date_gmt":"2025-10-20T07:16:49","guid":{"rendered":"https:\/\/www.damac.it\/bez-kategorii\/komatsu-pc27mr-2\/"},"modified":"2026-01-12T09:18:34","modified_gmt":"2026-01-12T09:18:34","slug":"komatsu-pc27mr-2","status":"publish","type":"product","link":"https:\/\/www.damac.it\/pl\/minikoparki\/komatsu-pc27mr-2-foggia\/","title":{"rendered":"KOMATSU PC27MR-2"},"content":{"rendered":"\n<p>Kompaktowa, niezawodna i \u0142atwa w manewrowaniu minikoparka <strong>Komatsu PC27MR-2 z 2009 r.<\/strong> to idealne rozwi\u0105zanie do prac ziemnych, konserwacyjnych i budowlanych w ograniczonych przestrzeniach. Po przepracowaniu <strong>4000 godzin<\/strong> jest w dobrym stanie og\u00f3lnym i jest gotowa do natychmiastowej pracy. <\/p>\n\n<p>Maszyna jest wyposa\u017cona w <strong>gumowe g\u0105sienice<\/strong>, kt\u00f3re zapewniaj\u0105 doskona\u0142\u0105 przyczepno\u015b\u0107 i ochron\u0119 powierzchni, oraz <strong>przedni lemiesz<\/strong>, kt\u00f3ry jest przydatny do wyr\u00f3wnywania i przenoszenia ziemi.<br\/><strong>Zamkni\u0119ta kabina<\/strong> zapewnia operatorowi komfort i bezpiecze\u0144stwo, oferuj\u0105c chronione \u015brodowisko pracy i optymaln\u0105 widoczno\u015b\u0107.<\/p>\n\n<p>W komplecie z <strong>systemem m\u0142ota<\/strong> i <strong>\u0142y\u017ck\u0105 koparkow\u0105<\/strong>, ta koparka Komatsu jest gotowa do u\u017cycia w szerokim zakresie zastosowa\u0144.<\/p>\n\n<p>Przy <strong>masie operacyjnej 3,1 tony<\/strong> i wymiarach <strong>4,4 m d\u0142ugo\u015bci<\/strong>, <strong>1,5 m wysoko\u015bci<\/strong> i <strong>2,6 m szeroko\u015bci<\/strong>, PC27MR-2 jest kompaktowa, ale stabilna, idealna do miejskich plac\u00f3w budowy i prac precyzyjnych.<br\/>Jest nap\u0119dzana silnikiem <strong>Komatsu 3D82AE-5<\/strong> o mocy <strong>19 kW<\/strong>, synonimem wydajno\u015bci, niskiego zu\u017cycia paliwa i wysokiej niezawodno\u015bci.<\/p>\n\n<p>Solidna i wydajna, <strong>Komatsu PC27MR-2<\/strong> to kompletna i wszechstronna maszyna, gotowa do wykonania ka\u017cdego zadania z moc\u0105 i precyzj\u0105.<\/p>\n","protected":false},"excerpt":{"rendered":"<p>Komatsu PC27MR-2 z 2009 roku z 4000 godzin, masa robocza 3100 kg, silnik Komatsu 3D82AE-5 o mocy 19 kW, zamkni\u0119ta kabina, gumowe g\u0105sienice, przedni lemiesz i system m\u0142ota. Kompaktowa maszyna, w dobrym stanie i gotowa do pracy. <\/p>\n","protected":false},"featured_media":16848,"template":"","meta":{"_acf_changed":false},"ubicazione_acf":[],"product_brand":[611],"product_cat":[413],"false":[749],"proprietario":[],"class_list":{"0":"post-16846","1":"product","2":"type-product","3":"status-publish","4":"has-post-thumbnail","6":"product_brand-komatsu","7":"product_cat-minikoparki","8":"product_tag-pl","9":"pa_brand-komatsu","11":"first","12":"outofstock","13":"sold-individually","14":"shipping-taxable","15":"purchasable","16":"product-type-simple"},"acf":[],"_links":{"self":[{"href":"https:\/\/www.damac.it\/pl\/wp-json\/wp\/v2\/product\/16846","targetHints":{"allow":["GET"]}}],"collection":[{"href":"https:\/\/www.damac.it\/pl\/wp-json\/wp\/v2\/product"}],"about":[{"href":"https:\/\/www.damac.it\/pl\/wp-json\/wp\/v2\/types\/product"}],"wp:featuredmedia":[{"embeddable":true,"href":"https:\/\/www.damac.it\/pl\/wp-json\/wp\/v2\/media\/16848"}],"wp:attachment":[{"href":"https:\/\/www.damac.it\/pl\/wp-json\/wp\/v2\/media?parent=16846"}],"wp:term":[{"taxonomy":"ubicazione_acf","embeddable":true,"href":"https:\/\/www.damac.it\/pl\/wp-json\/wp\/v2\/ubicazione_acf?post=16846"},{"taxonomy":"product_brand","embeddable":true,"href":"https:\/\/www.damac.it\/pl\/wp-json\/wp\/v2\/product_brand?post=16846"},{"taxonomy":"product_cat","embeddable":true,"href":"https:\/\/www.damac.it\/pl\/wp-json\/wp\/v2\/product_cat?post=16846"},{"taxonomy":"product_tag","embeddable":true,"href":"https:\/\/www.damac.it\/pl\/wp-json\/wp\/v2\/false?post=16846"},{"taxonomy":"proprietario","embeddable":true,"href":"https:\/\/www.damac.it\/pl\/wp-json\/wp\/v2\/proprietario?post=16846"}],"curies":[{"name":"wp","href":"https:\/\/api.w.org\/{rel}","templated":true}]}}

<p>Kompaktowa, niezawodna i łatwa w manewrowaniu minikoparka <strong>Komatsu PC27MR-2 z 2009 r.</strong> to idealne rozwiązanie do prac ziemnych, konserwacyjnych i budowlanych w ograniczonych przestrzeniach. Po przepracowaniu <strong>4000 godzin</strong> jest w dobrym stanie ogólnym i jest gotowa do natychmiastowej pracy. </p>

<p>Maszyna jest wyposażona w <strong>gumowe gąsienice</strong>, które zapewniają doskonałą przyczepność i ochronę powierzchni, oraz <strong>przedni lemiesz</strong>, który jest przydatny do wyrównywania i przenoszenia ziemi.<br/><strong>Zamknięta kabina</strong> zapewnia operatorowi komfort i bezpieczeństwo, oferując chronione środowisko pracy i optymalną widoczność.</p>

<p>W komplecie z <strong>systemem młota</strong> i <strong>łyżką koparkową</strong>, ta koparka Komatsu jest gotowa do użycia w szerokim zakresie zastosowań.</p>

<p>Przy <strong>masie operacyjnej 3,1 tony</strong> i wymiarach <strong>4,4 m długości</strong>, <strong>1,5 m wysokości</strong> i <strong>2,6 m szerokości</strong>, PC27MR-2 jest kompaktowa, ale stabilna, idealna do miejskich placów budowy i prac precyzyjnych.<br/>Jest napędzana silnikiem <strong>Komatsu 3D82AE-5</strong> o mocy <strong>19 kW</strong>, synonimem wydajności, niskiego zużycia paliwa i wysokiej niezawodności.</p>

<p>Solidna i wydajna, <strong>Komatsu PC27MR-2</strong> to kompletna i wszechstronna maszyna, gotowa do wykonania każdego zadania z mocą i precyzją.</p>

<p>Komatsu PC27MR-2 z 2009 roku z 4000 godzin, masa robocza 3100 kg, silnik Komatsu 3D82AE-5 o mocy 19 kW, zamknięta kabina, gumowe gąsienice, przedni lemiesz i system młota. Kompaktowa maszyna, w dobrym stanie i gotowa do pracy. </p>
